visor of 1922 and 62.
62
What is the highest common divisor of 53 and 1219?
53
What is the greatest common factor of 285 and 23655?
285
What is the greatest common factor of 36 and 24?
12
Calculate the highest common divisor of 80 and 35.
5
What is the greatest common divisor of 7707 and 21?
21
Calculate the highest common factor of 153 and 306.
153
What is the greatest common factor of 210 and 945?
105
What is the highest common divisor of 24 and 1116?
12
What is the greatest common factor of 528 and 1452?
132
Calculate the highest common divisor of 120 and 1944.
24
Calculate the highest common divisor of 576 and 36.
36
What is the greatest common factor of 79287 and 214?
107
What is the highest common divisor of 3179 and 121?
11
What is the greatest common divisor of 588 and 168?
84
Calculate the highest common divisor of 42 and 112.
14
What is the greatest common divisor of 4065 and 20?
5
What is the highest common factor of 403 and 572?
13
What is the greatest common divisor of 42 and 1484?
14
What is the greatest common divisor of 98 and 574?
14
What is the highest common divisor of 64 and 8?
8
What is the highest common factor of 756 and 324?
108
What is the highest common divisor of 1158 and 12?
6
What is the highest common divisor of 14 and 14?
14
What is the highest common divisor of 140 and 320?
20
What is the greatest common divisor of 44 and 682?
22
What is the greatest common divisor of 177 and 118?
59
What is the highest common factor of 67 and 871?
67
Calculate the highest common divisor of 288 and 9.
9
What is the highest common divisor of 3 and 3?
3
Calculate the greatest common factor of 21 and 287.
7
Calculate the greatest common factor of 6 and 654.
6
Calculate the greatest common factor of 58 and 52.
2
Calculate the highest common divisor of 7359 and 33.
33
Calculate the highest common factor of 539 and 1001.
77
What is the greatest common divisor of 119 and 273?
7
What is the greatest common divisor of 1240 and 3410?
310
Calculate the highest common divisor of 325 and 585.
65
What is the highest common divisor of 66 and 10714?
22
Calculate the greatest common divisor of 144 and 5712.
48
Calculate the greatest common factor of 174 and 6.
6
What is the highest common factor of 132 and 3036?
132
Calculate the greatest common divisor of 416 and 1.
1
Calculate the highest common divisor of 16 and 18112.
16
Calculate the highest common factor of 148 and 20.
4
What is the greatest common factor of 304 and 931?
19
Calculate the highest common divisor of 26 and 6.
2
Calculate the greatest common factor of 5317 and 13.
13
What is the highest common factor of 8 and 10?
2
What is the greatest common factor of 5203 and 1089?
121
Calculate the highest common divisor of 559 and 546.
13
Calculate the highest common divisor of 21 and 4389.
21
Calculate the highest common factor of 741 and 117.
39
Calculate the highest common divisor of 324 and 405.
81
What is the highest common factor of 73 and 7592?
73
What is the highest common divisor of 36 and 387?
9
What is the greatest common factor of 432 and 18?
18
What is the highest common factor of 50 and 190?
10
What is the greatest common factor of 66 and 176?
22
Calculate the greatest common factor of 108081 and 27.
27
Calculate the highest common factor of 21268 and 156.
52
Calculate the greatest common factor of 9 and 201.
3
What is the highest common factor of 1372 and 8?
4
Calculate the highest common divisor of 46 and 1219.
23
Calculate the highest common factor of 78 and 1742.
26
Calculate the highest common factor of 83087 and 19.
19
Calculate the highest common divisor of 1248 and 1391.
13
What is the greatest common factor of 10187 and 61?
61
Calculate the highest common divisor of 148 and 8.
4
Calculate the highest common divisor of 84 and 5236.
28
What is the highest common factor of 180 and 2?
2
What is the greatest common divisor of 1066 and 624?
26
What is the highest common divisor of 16 and 552?
8
What is the greatest common factor of 2077 and 67?
67
Calculate the greatest common divisor of 75 and 275.
25
Calculate the greatest common divisor of 384 and 1824.
96
What is the greatest common factor of 651 and 7440?
93
Calculate the highest common factor of 15 and 5055.
15
What is the greatest common divisor of 216 and 4428?
108
What is the greatest common divisor of 5377 and 19?
19
Calculate the highest common factor of 1794 and 184.
46
What is the greatest common factor of 414 and 54?
18
Calculate the greatest common divisor of 70 and 770.
70
Calculate the greatest common factor of 76 and 114.
38
Calculate the greatest common factor of 506 and 1364.
22
What is the greatest common divisor of 75 and 325?
25
What is the highest common factor of 69 and 1242?
69
What is the highest common divisor of 83 and 41666?
83
Calculate the highest common divisor of 10 and 555.
5
Calculate the highest common divisor of 20 and 2.
2
What is the greatest common divisor of 96 and 4776?
24
Calculate the highest common factor of 1349 and 19.
19
What is the greatest common factor of 132 and 48?
12
Calculate the highest common divisor of 36 and 585.
9
What is the greatest common factor of 261 and 18?
9
What is the highest common factor of 52398 and 18?
18
What is the highest common divisor of 8567 and 13?
13
What is the highest common factor of 1064 and 896?
56
Calculate the highest common factor of 21 and 294.
21
Calculate the highest common factor of 48 and 2616.
24
Calculate the highest common divisor of 113 and 1469.
113
Calculate the highest common divisor of 34 and 272.
34
What is the greatest common factor of 21 and 54?
3
What is the highest common divisor of 5 and 335?
5
Calculate the greatest common divisor of 4531 and 46.
23
Calculate the highest common divisor of 56 and 1708.
28
What is the highest common factor of 1992 and 3?
3
Calculate the highest common factor of 268 and 2345.
67
Calculate the greatest common divisor of 10 and 6.
2
Calculate the greatest common divisor of 118 and 177.
59
What is the highest common divisor of 17 and 2788?
17
What is the greatest common divisor of 256 and 72?
8
What is the greatest common factor of 1053 and 39?
39
What is the greatest common divisor of 3129 and 105?
21
What is the greatest common divisor of 9 and 2421?
9
Calculate the highest common divisor of 204 and 12.
12
Calculate the greatest common divisor of 64 and 2.
2
Calculate the highest common divisor of 5328 and 96.
48
What is the highest common divisor of 27 and 9?
9
What is the highest common factor of 192 and 288?
96
What is the highest common divisor of 28 and 3220?
28
Calculate the greatest common factor of 372 and 24.
12
What is the highest common divisor of 22983 and 282?
141
Calculate the highest common divisor of 276 and 48.
12
What is the highest common divisor of 512 and 32?
32
What is the highest common divisor of 99 and 957?
33
What is the highest common factor of 915 and 75?
15
Calculate the highest common factor of 14 and 1246.
14
What is the greatest common divisor of 108 and 8508?
12
Calculate the greatest common divisor of 26 and 57265.
13
What is the greatest common divisor of 2226 and 966?
42
Calculate the greatest common factor of 405 and 720.
45
What is the highest common factor of 4 and 664?
4
Calculate the highest common factor of 43 and 9.
1
Calculate the highest common divisor of 725 and 58.
29
Calculate the greatest common divisor of 201 and 2077.
67
Calculate the highest common divisor of 125 and 200.
25
What is the highest common divisor of 1320 and 1824?
24
What is the greatest common divisor of 45 and 90?
45
What is the highest common divisor of 500 and 20?
20
Calculate the highest common divisor of 20 and 50.
10
What is the greatest common factor of 20 and 15?
5
Calculate the highest common factor of 56 and 616.
56
What is the greatest common divisor of 13 and 104?
13
Calculate the greatest common factor of 120 and 24.
24
What is the highest common factor of 40 and 370?
10
Calculate the highest common factor of 116 and 1189.
29
What is the highest common factor of 4849 and 13?
13
What is the highest common divisor of 3439 and 19?
19
What is the highest common divisor of 30856 and 7?
7
Calculate the highest common factor of 44 and 209.
11
Calculate the gre